der when 436261 is divided by 2345?
91
What is the remainder when 17076614 is divided by 69136?
22
Calculate the remainder when 4501 is divided by 567.
532
Calculate the remainder when 180375 is divided by 538.
145
Calculate the remainder when 9350126 is divided by 454.
450
What is the remainder when 6964554 is divided by 6729?
39
Calculate the remainder when 552424651 is divided by 37.
36
Calculate the remainder when 1576528 is divided by 394104.
112
What is the remainder when 7773769 is divided by 20?
9
What is the remainder when 31809934 is divided by 1392?
1342
Calculate the remainder when 143682369 is divided by 2358.
2355
What is the remainder when 5456835 is divided by 92?
39
Calculate the remainder when 750161 is divided by 125026.
5
What is the remainder when 33449932 is divided by 117?
100
Calculate the remainder when 59467 is divided by 640.
587
Calculate the remainder when 347738679 is divided by 5.
4
What is the remainder when 223926612 is divided by 45?
42
Calculate the remainder when 91564 is divided by 7243.
4648
Calculate the remainder when 186722544 is divided by 62240838.
30
Calculate the remainder when 158585 is divided by 15831.
275
Calculate the remainder when 405998 is divided by 4510.
98
Calculate the remainder when 20636973 is divided by 120684.
9
What is the remainder when 520742 is divided by 52073?
12
Calculate the remainder when 767327 is divided by 381920.
3487
What is the remainder when 18998116 is divided by 119?
4
Calculate the remainder when 1971155 is divided by 419.
179
What is the remainder when 16973031 is divided by 560?
551
Calculate the remainder when 1882552 is divided by 140.
112
What is the remainder when 274174 is divided by 3606?
118
Calculate the remainder when 99269 is divided by 4953.
209
Calculate the remainder when 61765 is divided by 2114.
459
Calculate the remainder when 17199771 is divided by 7624.
27
Calculate the remainder when 24480 is divided by 633.
426
What is the remainder when 346129 is divided by 4810?
4619
Calculate the remainder when 18333366 is divided by 1688.
1686
What is the remainder when 346837 is divided by 9381?
9121
Calculate the remainder when 49103 is divided by 66.
65
What is the remainder when 16095067 is divided by 1907?
1894
Calculate the remainder when 66734 is divided by 748.
162
Calculate the remainder when 166249 is divided by 3099.
2002
Calculate the remainder when 465362 is divided by 6716.
1958
Calculate the remainder when 1540488 is divided by 7233.
7092
Calculate the remainder when 1937155 is divided by 276736.
3
What is the remainder when 948743 is divided by 118457?
1087
What is the remainder when 3476456 is divided by 404?
36
Calculate the remainder when 24496542 is divided by 8.
6
Calculate the remainder when 435133 is divided by 114.
109
What is the remainder when 163091195 is divided by 284131?
1
Calculate the remainder when 80038109 is divided by 224.
221
What is the remainder when 2048849 is divided by 409769?
4
What is the remainder when 1959656 is divided by 978622?
2412
What is the remainder when 204182 is divided by 22597?
809
Calculate the remainder when 87191 is divided by 3791.
3789
Calculate the remainder when 834277 is divided by 4030.
67
What is the remainder when 174339827 is divided by 289?
288
What is the remainder when 2513949 is divided by 42?
39
What is the remainder when 3395056 is divided by 9?
4
What is the remainder when 504690 is divided by 426?
306
What is the remainder when 205656 is divided by 234?
204
What is the remainder when 278113 is divided by 10300?
13
Calculate the remainder when 764193 is divided by 127344.
129
What is the remainder when 122149275 is divided by 1772?
1771
Calculate the remainder when 2459676 is divided by 3379.
3143
What is the remainder when 1810359 is divided by 183?
123
Calculate the remainder when 6577982 is divided by 8401.
8400
What is the remainder when 3846076 is divided by 78489?
115
Calculate the remainder when 2098526 is divided by 83935.
151
What is the remainder when 211226 is divided by 3704?
98
What is the remainder when 124304 is divided by 1002?
56
Calculate the remainder when 16100974 is divided by 255571.
1
Calculate the remainder when 275508 is divided by 96.
84
Calculate the remainder when 15966709 is divided by 670.
609
What is the remainder when 950783 is divided by 59?
57
What is the remainder when 2853029 is divided by 951009?
2
Calculate the remainder when 6327370 is divided by 119384.
18
What is the remainder when 25871389 is divided by 1953?
1951
What is the remainder when 314072 is divided by 1239?
605
What is the remainder when 154591616 is divided by 25?
16
Calculate the remainder when 872445 is divided by 145393.
87
What is the remainder when 62056974 is divided by 21?
0
What is the remainder when 1704104 is divided by 109?
107
Calculate the remainder when 2399024 is divided by 114239.
5
Calculate the remainder when 2147204 is divided by 62.
20
Calculate the remainder when 17121 is divided by 2754.
597
What is the remainder when 1171432 is divided by 390462?
46
Calculate the remainder when 985803 is divided by 328587.
42
Calculate the remainder when 9990986 is divided by 158587.
5
Calculate the remainder when 351696 is divided by 278.
26
What is the remainder when 898687 is divided by 33279?
154
Calculate the remainder when 115809 is divided by 361.
289
What is the remainder when 1875107 is divided by 375018?
17
Calculate the remainder when 12129 is divided by 11861.
268
Calculate the remainder when 40522065 is divided by 2801.
2799
What is the remainder when 21404638 is divided by 6582?
6556
Calculate the remainder when 105865931 is divided by 43105.
51
What is the remainder when 2265801 is divided by 1904?
41
Calculate the remainder when 91695785 is divided by 170.
165
Calculate the remainder when 1781469 is divided by 1581.
1263
Calculate the remainder when 221407 is divided by 690.
607
What is the remainder when 163833404 is divided by 10?
4
What is the remainder when 4704091 is divided by 1483?
15
What is the remainder when 272238 is divided by 62?
58
Calculate the remainder when 93363 is divided by 415.
403
What is the remainder when 2564887 is divided by 2134?
1953
What is the remainder when 62128702 is divided by 69?
67
Calculate the remainder when 27190418 is divided by 579.
578
Calculate the remainder when 117604 is divided by 1934.
1564
What is the remainder when 42355910 is divided by 3338?
28
Calculate the remainder when 549336 is divided by 3349.
100
What is the remainder when 41686 is divided by 13885?
31
Calculate the remainder when 5219501 is divided by 16060.
1
Calculate the remainder when 27320220 is divided by 27320171.
49
Calculate the remainder when 101322 is divided by 49.
39
Calculate the remainder when 93411904 is divided by 14.
12
What is the remainder when 22458236 is divided by 74365?
6
What is the remainder when 86633444 is divided by 264?
260
What is the remainder when 210071 is divided by 12339?
308
What is the remainder when 65069 is divided by 1542?
305
What is the remainder when 8752919 is divided by 1045?
1044
What is the remainder when 957680 is divided by 63717?
1925
Calculate the remainder when 7424777 is divided by 233.
232
Calculate the remainder when 107472 is divided by 7251.
5958
What is the remainder when 5063387 is divided by 42?
35
What is the remainder when 1794816 is divided by 358775?
941
What is the remainder when 1260182 is divided by 315039?
26
What is the remainder when 130992631 is divided by 10233?
10231
Calculate the remainder when 1146678177 is divided by 30.
27
What is the remainder when 6166182 is divided by 880881?
15
What is the remainder when 159662870 is divided by 240?
230
Calculate the remainder when 6364208 is divided by 92.
16
What is the remainder when 39806 is divided by 39782?
24
What is the remainder when 275435 is divided by 551?
486
What is the remainder when 15379 is divided by 1658?
457
What is the remainder when 80035412 is divided by 40017703?
6
Calculate the remainder when 14087 is divided by 961.
633
What is the remainder when 109577 is divided by 4745?
442
Calculate the remainder when 1542640 is divided by 3461.
2495
What is the remainder when 515392 is divided by 209?
207
Calculate t